-14))?
1
Calculate -5 - (0 - (7 + -7)).
-5
What is 7 + -1 + -11 + (1 - 0)?
-4
What is 12 + -8 + -12 - -17?
9
Calculate -4 + 5 + -5 - -3 - -1.
0
Evaluate 9 + -3 + -16 - -12.
2
(-1 - (-3 - 0)) + -3 - -2
1
What is 1 - (-1 + 5) - (11 - 9)?
-5
4 + (-1 + -1 - 7)
-5
0 + -2 + 4 + -24 + 26
4
Evaluate (2 - 4) + 4 + (-17 - -9).
-6
What is the value of 5 + 1 + (122 - 125)?
3
Calculate -1 + (-5 + 5 - -2).
1
Evaluate -9 + 8 + -3 + 8.
4
(0 - (1 + -8)) + -9
-2
Calculate (3 - 0) + -2 - (10 + -7).
-2
Calculate (-1 - 3) + 8 + -7 + 8.
5
What is 5 - (2 - 1 - (12 - 14))?
2
Calculate 10 + -5 + 0 + -3.
2
Calculate (-5 - -3) + 4 + -4.
-2
Evaluate -2 + (1 - -3) + 7.
9
What is -72 + 63 - (1 + -7)?
-3
Calculate 20 + (-7 - 5) - 2.
6
Evaluate 0 - (3 - 9 - -2).
4
What is 1 + 9 + -2 + 22 + -40?
-10
What is the value of -9 + (14 - (19 - 12))?
-2
Evaluate 3 - (1 - (-2 - -5)).
5
What is -3 + (1 - -3) + 2?
3
What is 6 + -8 + (2 - (-5 - -3))?
2
Evaluate -3 + -4 - (0 + -3 + 0).
-4
What is 3 + -6 + 3 - 0 - -4?
4
What is the value of (-18 - (-9 - 0)) + 11?
2
(-2 - 2) + 18 + -9
5
Calculate -4 - (-4 + -5 - (2 - 2)).
5
Calculate -5 - (-7 - 4 - -11).
-5
Evaluate 1 + 1 + (-1 - -3) - -1.
5
What is (0 - 2) + (-6 - -16) + -4?
4
What is 0 + 0 + 4 + -9 - -10?
5
What is 3 + (1 - -2 - (-7 - -5))?
8
What is (4 + -8 - -7 - -2) + -2?
3
What is the value of -4 - (0 + 2 - 11)?
5
Calculate (-7 + -1 - (17 - 22)) + 3.
0
Calculate -6 + 1 - -7 - (1 + -5).
6
Evaluate 36 + -29 - (1 + -1 + 2).
5
Evaluate (1 + -3 - -1) + (-2 - -1).
-2
What is (0 - -1) + -3 + -8?
-10
What is the value of (-5 - (3 + -4) - -9) + -4?
1
What is the value of (10 + 2 - 6) + -8?
-2
(9 - 10) + (-6 - -9)
2
-2 + (3 - 2) + -4
-5
What is the value of (-2 - -2) + (-25 - -26)?
1
Calculate (-3 - -1) + 2 + 1.
1
(14 - 3) + 56 + -64
3
Calculate (1 - 3) + 1 + 2.
1
Evaluate 8 - (5 + 0 + 12).
-9
(1 - 5 - -1) + 4
1
Evaluate -5 + (0 + 5 - (1 + 3)).
-4
(7 - (23 + -8)) + 1
-7
What is (-15 - -9) + 4 + -1?
-3
75 + -69 + -9 + 0
-3
Calculate -4 - (3 - 6 - 3).
2
Calculate (1 - 2) + (-3 - 2) + 2.
-4
Evaluate -1 - 11 - (-44 + 38).
-6
Evaluate 4 - 12 - (-2 - 1).
-5
What is (7 - (7 - (-7 - -3))) + 7?
3
What is 2 + -11 - -12 - (3 + 0)?
0
Evaluate 7 + (6 - 7 - (-2 - -3)).
5
What is the value of -6 + 4 - (-2 - 1)?
1
-5 - -2 - (-5 + -2)
4
What is (6 - 2) + (-8 - -8)?
4
What is the value of (3 - 0) + (2 - -2) + -2?
5
What is 2 + (3 - 3) + -6?
-4
Calculate 13 - (12 - (10 + 0)).
11
55 - 59 - (3 + 0) - -7
0
Evaluate -5 + 2 + 2 + -2 + 7.
4
What is the value of -4 + 12 - (-8 + 8 + 3)?
5
What is 0 + -2 + -3 + (-1 - -4)?
-2
What is the value of 2 + -2 + 6 + -3 + -3?
0
What is -3 + (-6 - (-7 - -3)) + 7?
2
Evaluate (2 - 1) + 6 + -8 + 3.
2
Evaluate 0 + 1 - (4 + 0 + -11).
8
What is (-1 - -5) + -6 + 10 + -11?
-3
Evaluate 2 + (-2 - -5) + -10.
-5
What is the value of -2 - (-4 + -2 + (10 - 7))?
1
Evaluate -2 + (7 - (8 - (1 - -3))).
1
Calculate 6 - (-1 + 3 + -2) - 1.
5
-3 + (7 - (-1 - -1) - 2)
2
-3 - (-1 + (10 - 4))
-8
What is the value of (3 - (-1 - 0)) + 1?
5
Evaluate (-594 - -597) + 1 + (0 - -5).
9
Calculate 3 + -4 - (-1 + 1 + 1).
-2
What is (-5 + 5 - -1) + 1?
2
Calculate -2 - 4 - (16 + -22).
0
Calculate -4 + 4 + (0 - 3).
-3
-5 + 6 + -3 + 6 - 5
-1
Calculate 0 - ((-1 - 1) + (-33 - -39)).
-4
Calculate 3 + ((-1 - -3) + 2 - 7).
0
What is (5 - (4 + 11)) + 7 - -1?
-2
Calculate 48 + -51 - (-4 + 7).
-6
Calculate 1 - (-25 - -19 - (-2 - -2)).
7
Calculate 19 + -9 - 21 - -9.
-2
What is -5 + 4 + -3 - -5?
1
(6 - 7) + 7 - (-2 + 2)
6
Calculate 0 + -1 + (-2 - (-3 + 1)).
-1
Evaluate 4 + (-11 - -12) - 6.
-1
Evaluate 1 - 10 - (-29 + 23).
-3
What is the value of -10 + 1 + 110 + -102?
-1
What is the value of 5 + (3 + -6 - 0 - -1)?
3
What is -5 + 1 + -1 + 6 + -5?
-4
What is the value of -2 + 5 + 0 + 2 - 6?
-1
Calculate 32 + -29 - (6 - (1 + 0)).
-2
What is the value of 5 + (8 - (8 + -4) - 10)?
-1
(-6 + 4 - -1) + 6
5
(2 - -1 - 2) + -6 + 1
-4
Calculate 8 + (3 - 6) + -2.
3
Evaluate 1 - (-1 + 9 + 2).
-9
What is the value of -12 + 10 + (1 - 4)?
-5
0 + (0 + -4 - -7) - -1
4
Calculate 2 + -8 + (0 - 1) + 4.
-3
(-2 - (6 - (13 - 4))) + -7
-6
(4 - 1) + -6 + 1 + 5
3
What is the value of (-1 - (2 - 2)) + 125 + -115?
9
What is -12 - (-13 + 6) - -6?
1
Calculate 0 + 8 + -9 + 2 + -1.
0
Calculate -25 + 32 - (2 + 0).
5
Calculate -3 + -1 + 2 + -18 + 14.
-6
-3 - -8 - 1 - 0
4
9 + -4 + -9 - (1 - 1)
-4
Evaluate -1 - (-11 - -4) - (5 - 1).
2
What is (0 - 0) + (-2 - -4 - -3)?
5
Evaluate (4 + 3 - 13) + 1 + 0.
-5
Evaluate -4 + 3 + -2 + 3 + 5.
5
What is the value of -13 + 4 + (6 - -2)?
-1
What is the value of 9 - 2 - (-78 - -79)?
6
Evaluate 2 - (-3 - (-5 - -2)).
2
2 + (0 - 1) + (16 - 16)
1
Evaluate -13 + (3 - (-13 + 5 + 5)).
-7
What is 0 + 0 + 3 + -1?
2
Evaluate 3 - (-4 - -17) - -12.
2
Evaluate -4 - (-6 - (5 - 10)).
-3
6 + 0 + (21 - 22)
5
What is the value of 7 - 11 - (-1 - -1)?
-4
Calculate 5 + 5 + -11 + -2.
-3
What is the value of (1 - (1 + -2)) + -4?
-2
Calculate 3 - ((1 - -3) + -3).
2
What is the value of 4 + -4 - (2 + -7 + 7)?
-2
Calculate -5 - -3 - (-1 + 3).
-4
Evaluate -2 + 23 - 5 - 11.
5
What is 2 - 0 - (7 - -1)?
-6
What is -4 + -1 + (-30 - -31)?
-4
Calculate -7 - (-8 - (9 - 11)).
-1
What is -3 + 0 - (1 + -4 + -1)?
1
Calculate 3 - (6 - 5 - -2).
0
What is -2 + 9 - 0 - (8 - 5)?
4
What is the value of -5 - (12 + (-20 - -6))?
-3
What is the value of (-6 - (-17 - 0) - 6) + -5?
0
-2 + 5 + (4 - 7)
0
9 + -11 + 1 + -2 - -8
5
What is the value of (7 - 14 - -8) + -4?
-3
17 + -11 + (-11 - 0)
-5
Evaluate 2 + 0 - (104 - 95).
-7
Evaluate -12 - (-13 + 6 + -2).
-3
0 - (5 + -3) - (-5 - -7)
-4
What is -3 + (1 - 4 - -3)?
-3
What is 79 + -74 - (2 - -7)?
-4
What is (1 - 2) + 2 + 3?
4
Calculate -1 - (4 - ((7 - 1) + -1)).
0
Evaluate -2 - 3 - (7 - 10).
-2
-5 + (2 - 0) + 8 + -6
-1
What is the value of -5 - (1 - 4) - (21 - 23)?
0
What is the value of 5 + -3 + 3 + -4 + 1?
2
What is (13 - 15) + 0 + 1 - -6?
5
Calculate -13 + 13 - (5 - 2).
-3
What is -3 + -2 + 2 + -2?
-5
Calculate (-1 - -2) + -105 + 103.
-1
What is -4 + 9 + (-9 - -4)?
0
-2 - (-5 - -5 - 11) - 5
4
What is the value of 3 - 5 - -3 - (4 + 0)?
-3
Calculate 0 - (2 - (-1 - (0 + -1))).
-2
Evaluate -1 + -7 + 2 - -10.
4
What is the value of (-76 - -79) + -3 + 0 + -1?
-1
Evaluate -8 - (-5 - (3 - 5)).
-5
4 + -4 - 0 - (-7 - -2)
5
What is the value of 0 - 4 - -5 - (1 + 1)?
-1
Calculate -1 - ((1 - (8 - 4)) + 0).
2
What is the value of -11 + (7 - (-6 - -2))?
0
Calculate 3 + (5 - 0) + -4.
4
What is the value of -4 + (2 - 4) + (16 - 17)?
-7
What is -4 + 3 + 0 + -3?
-4
-1 + 1 + (6 + 1 - 12)
-5
Calculate (0 - -3) + (-8 - 0) - -12.
7
What is -5 - 0 - -1 - -3?
-1
Evaluate -2 - (-3 - -1) - (2 + 3).
-5
What is the value of 0 - 0 - (-14 - (3 + -16))?
1
Evaluate 1 + -4 + (-14 - -22).
5
4 - (-2 - -13) - -3
-4
9 - 13 - (5 - 0)
-9
What is the value of -7 + 3 + 14 + -5?
5
What is the value of (2 - (3 + -3)) + -3 - 3?
-4
What is 0 + -1 - (0 - 4)?
3
Calculate (7 - 10) + 1 + -3.
-5
Evaluate -78 + 80 + 2 + 1 - -4.
9
Calculate 9 + -6 - (3 - -1).
-1
-10 + 14 + -7 + -5
-8
Calculate (23 - 9) + -23 + 2 + 0.
-7
What is the value of 0 + 1 + -1 + -29 + 26?
-3
9 - 9 - (-5 - 0)
5
What is -13 - -11 - (-2 + 3)?
-3
What is 2 + -10 + (-2 - 7) + 10?
-7
Calculate (-2 - 1) + -2 + (-5 - -7).
-3
((-6 - -5) + 2 - -1) + 3
5
Evaluate -4 - (-7 + -1 + 5 + -4).
3
Evaluate 5 - (4 + 5 + -12 + 9).
-1
What is the value of 3 - 5 - -5 - (62 + -51)?
-8
-1 + (3 - 5) - -2
-1
Evaluate 9 + -2 - (5 - (6 + 0)).
8
What is the value of (-3 - 0) + 1 + (-2 - -2)?
-2
Evaluate (-14 - -18) + (-3 - -1).
2
Calculate 8 - (18 - 7 - 12).
9
Evaluate 15 + -3 + -9 + (3 - -2).
8
What is the value of (-1 + 4 - 8) + (5 - -5)?
5
Evaluate (3 - -5) + (-46 - -41).
3
Calculate 6 + (-7 - (-2 - 0)).
1
What is the value of -2 - 2 - (1 + (3 - 4))?
-4
What is -4 + -5 + 4 + (-1 - -3)?
-3
What is -1 - (2 + 1 - 6)?
2
8 + -1 + -2 + -3 + 2
4
Calculate -8 + 0 - (2 - -1) - -7.
-4
(12 - 14) + 3 + 1
2
Evaluate (-3 - 4) + 0 - -3.
-4
What is 0 + -3 + 6 + -1?
2
(-12 - (0 - 6)) + -2
-8
-1 - 0 - (6 + -8) - -5
6
Evaluate (11 - 11) + (-2 - -1) + -5.
-6
-2 + 6 + -3 - (5 - 2)
-2
Evaluate (-2 + (2 - 1) - 5) + 1.
-5
Calculate 3 + -6 + (8 - (5 + -2)).
2
What is -1 + 1 + (-6 - -3 - -2)?
-1
What is the value of 8 + -9 + -4 - (-9 - 1)?
5
What is -2 - 12 - -10 - (0 + -1)?
-3
-4 + -7 - (4 - (2 + 6))
-7
(-4